 digit of 263678?
6
What is the thousands digit of 1331123?
1
What is the ten thousands digit of 18475976?
7
What is the units digit of 2284290?
0
What is the ten thousands digit of 5363214?
6
What is the thousands digit of 120373?
0
What is the units digit of 298495?
5
What is the hundred thousands digit of 179665?
1
What is the hundred thousands digit of 1511195?
5
What is the tens digit of 3080300?
0
What is the thousands digit of 14836719?
6
What is the hundreds digit of 13137016?
0
What is the units digit of 313376?
6
What is the tens digit of 6305610?
1
What is the hundreds digit of 756717?
7
What is the millions digit of 4902784?
4
What is the tens digit of 262401?
0
What is the ten thousands digit of 191023?
9
What is the millions digit of 2457822?
2
What is the ten thousands digit of 329759?
2
What is the hundreds digit of 2732629?
6
What is the units digit of 10597198?
8
What is the ten thousands digit of 369155?
6
What is the units digit of 2091892?
2
What is the tens digit of 922160?
6
What is the ten thousands digit of 15631499?
3
What is the millions digit of 6359623?
6
What is the hundreds digit of 2934188?
1
What is the millions digit of 2083440?
2
What is the units digit of 23284403?
3
What is the thousands digit of 137855?
7
What is the thousands digit of 1880874?
0
What is the millions digit of 1030976?
1
What is the units digit of 989484?
4
What is the hundreds digit of 15420638?
6
What is the ten thousands digit of 323189?
2
What is the ten thousands digit of 456890?
5
What is the hundred thousands digit of 472352?
4
What is the hundreds digit of 1520240?
2
What is the ten thousands digit of 486890?
8
What is the ten thousands digit of 5711160?
1
What is the ten thousands digit of 190998?
9
What is the thousands digit of 8113606?
3
What is the ten thousands digit of 974165?
7
What is the units digit of 168154?
4
What is the hundreds digit of 666121?
1
What is the units digit of 12641128?
8
What is the units digit of 117364?
4
What is the units digit of 483102?
2
What is the hundreds digit of 3018907?
9
What is the thousands digit of 33281818?
1
What is the units digit of 1137461?
1
What is the millions digit of 9047553?
9
What is the hundreds digit of 113852?
8
What is the tens digit of 57199?
9
What is the units digit of 2781082?
2
What is the thousands digit of 24466?
4
What is the thousands digit of 297092?
7
What is the ten thousands digit of 346896?
4
What is the hundreds digit of 48757?
7
What is the hundred thousands digit of 367771?
3
What is the tens digit of 6649112?
1
What is the tens digit of 333096?
9
What is the thousands digit of 212899?
2
What is the ten thousands digit of 11208361?
0
What is the hundred thousands digit of 12015392?
0
What is the tens digit of 160856?
5
What is the ten thousands digit of 454107?
5
What is the tens digit of 182333?
3
What is the ten thousands digit of 5209358?
0
What is the thousands digit of 740828?
0
What is the hundred thousands digit of 8146145?
1
What is the hundreds digit of 3771073?
0
What is the thousands digit of 5385549?
5
What is the ten thousands digit of 13228611?
2
What is the thousands digit of 2037419?
7
What is the ten thousands digit of 5142036?
4
What is the thousands digit of 1946333?
6
What is the thousands digit of 1548273?
8
What is the thousands digit of 791667?
1
What is the thousands digit of 885323?
5
What is the thousands digit of 478612?
8
What is the units digit of 290448?
8
What is the hundreds digit of 5004131?
1
What is the thousands digit of 4570059?
0
What is the ten thousands digit of 12520689?
2
What is the units digit of 654893?
3
What is the hundred thousands digit of 1869192?
8
What is the thousands digit of 538939?
8
What is the hundred thousands digit of 1619674?
6
What is the hundreds digit of 698925?
9
What is the ten millions digit of 39221507?
3
What is the millions digit of 1659753?
1
What is the units digit of 521561?
1
What is the thousands digit of 237977?
7
What is the hundreds digit of 4660418?
4
What is the ten thousands digit of 31642767?
4
What is the units digit of 100506?
6
What is the units digit of 271925?
5
What is the tens digit of 13049986?
8
What is the tens digit of 17674546?
4
What is the tens digit of 6687?
8
What is the hundreds digit of 331040?
0
What is the millions digit of 3188043?
3
What is the hundreds digit of 3660945?
9
What is the millions digit of 4753375?
4
What is the units digit of 303046?
6
What is the hundreds digit of 104771?
7
What is the thousands digit of 494519?
4
What is the units digit of 60321?
1
What is the tens digit of 2798941?
4
What is the thousands digit of 11468473?
8
What is the units digit of 29884?
4
What is the hundreds digit of 5088956?
9
What is the tens digit of 472158?
5
What is the hundred thousands digit of 767680?
7
What is the millions digit of 1073124?
1
What is the millions digit of 15625785?
5
What is the tens digit of 593337?
3
What is the ten thousands digit of 127307?
2
What is the tens digit of 9815856?
5
What is the millions digit of 3788583?
3
What is the thousands digit of 2390842?
0
What is the millions digit of 6651724?
6
What is the hundreds digit of 1339518?
5
What is the hundreds digit of 269859?
8
What is the hundred thousands digit of 159445?
1
What is the hundreds digit of 261220?
2
What is the hundred thousands digit of 5238393?
2
What is the tens digit of 19312802?
0
What is the hundreds digit of 6571024?
0
What is the thousands digit of 5586517?
6
What is the hundred thousands digit of 148834?
1
What is the units digit of 3034180?
0
What is the tens digit of 771778?
7
What is the hundred thousands digit of 270885?
2
What is the hundreds digit of 414378?
3
What is the units digit of 520923?
3
What is the thousands digit of 266882?
6
What is the ten thousands digit of 5894665?
9
What is the tens digit of 518588?
8
What is the millions digit of 14919875?
4
What is the hundreds digit of 7536944?
9
What is the units digit of 1321467?
7
What is the millions digit of 20144129?
0
What is the hundred thousands digit of 596031?
5
What is the tens digit of 118276?
7
What is the hundred thousands digit of 5683073?
6
What is the ten thousands digit of 908293?
0
What is the hundred thousands digit of 11884369?
8
What is the ten millions digit of 18407972?
1
What is the thousands digit of 10791351?
1
What is the ten thousands digit of 523049?
2
What is the ten thousands digit of 95931?
9
What is the hundred thousands digit of 623899?
6
What is the millions digit of 35098866?
5
What is the hundreds digit of 460253?
2
What is the tens digit of 22038778?
7
What is the millions digit of 22891366?
2
What is the ten thousands digit of 102634?
0
What is the tens digit of 302440?
4
What is the ten thousands digit of 1005522?
0
What is the ten thousands digit of 8686915?
8
What is the thousands digit of 2751336?
1
What is the hundreds digit of 173137?
1
What is the tens digit of 4907071?
7
What is the hundreds digit of 84412?
4
What is the ten thousands digit of 294182?
9
What is the hundreds digit of 4533198?
1
What is the thousands digit of 920159?
0
What is the units digit of 404724?
4
What is the thousands digit of 463941?
3
What is the units digit of 346872?
2
What is the units digit of 6313176?
6
What is the thousands digit of 204715?
4
What is the tens digit of 1269?
6
What is the ten thousands digit of 57023?
5
What is the tens digit of 165187?
8
What is the thousands digit of 167710?
7
What is the thousands digit of 34961?
4
What is the ten thousands digit of 614614?
1
What is the thousands digit of 303826?
3
What is the millions digit of 4559698?
4
What is the millions digit of 6896126?
6
What is the thousands digit of 1000691?
0
What is the millions digit of 1086503?
1
What is the ten thousands digit of 320374?
2
What is the ten thousands digit of 643150?
4
What is the hundred thousands digit of 648858?
6
What is the units digit of 19735559?
9
What is the units digit of 1154629?
9
What is the ten thousands digit of 3293957?
9
What is the ten thousands digit of 218988?
1
What is the hundreds digit of 1696594?
5
What is the units digit of 298101?
1
What is the thousands digit of 1607458?
7
What is the units digit of 3196075?
5
What is the units digit of 486